, 5*d = 2*g + 104. What is the greatest common divisor of 1640 and d?
20
Suppose -6*q + 308 = -1276. What is the greatest common factor of q and 48?
24
Let j(p) = p**2 + 15*p - 36. Let r be j(-18). What is the greatest common factor of 63 and r?
9
Suppose -7*y = -21*y + 714. Calculate the greatest common factor of 289 and y.
17
Suppose 3*x + r - 192 = 0, -2*x = -0*r + 5*r - 128. Calculate the highest common factor of 512 and x.
64
Suppose 0*m + 3621 = 51*m. Calculate the greatest common divisor of 213 and m.
71
Let l be ((-32)/(-36))/(5/90). Calculate the greatest common factor of 256 and l.
16
Let v = -555 - -607. What is the greatest common factor of v and 234?
26
Suppose 6*o = 134 + 112. What is the highest common factor of 369 and o?
41
Let i(g) = 7*g**2 - 24*g - 11. Let m be i(-7). What is the greatest common factor of 20 and m?
20
Suppose -6*s - 40 = 2*s. Let b(n) = n**3 + 3*n**2 - 11*n - 3. Let l be b(s). Calculate the greatest common divisor of l and 4.
2
Let s = 2 + 0. Suppose -7*d = -s*d + 5. Let m be (2*-44 + -2)/d. What is the highest common factor of 30 and m?
30
Let r be 0 - -3*(-4)/(-36)*3. Let w be (r - -32) + 32/16. Calculate the greatest common factor of 280 and w.
35
Let z = 1828 - 1642. Calculate the highest common factor of 24 and z.
6
Let y(r) = -r**2 - 3*r - 12. Let x be y(-13). Let v = -130 - x. What is the greatest common divisor of v and 132?
12
Suppose -6*g = -136 - 566. What is the greatest common factor of g and 52?
13
Let u be (-3778)/(-74) + 28/(-518). What is the highest common divisor of 3 and u?
3
Let b(s) = 63*s - 18. Let j be b(6). Suppose 9*t - 396 - j = 0. Calculate the highest common divisor of 36 and t.
12
Suppose -1 = -3*b + 2. Let f = -28 + 38. Let x be (4/f)/(14/385). What is the highest common factor of b and x?
1
Suppose 4*f = 5*f + 23. Let v(z) = -z + 31. Let w be v(f). Calculate the greatest common factor of w and 36.
18
Let i = 20 - 16. Suppose 6*q - 5*q = -i. Let v = q - -20. Calculate the highest common factor of v and 32.
16
Suppose -3*r + 126 = 267*g - 265*g, -3*g = -r - 222. Suppose 3*c = c + 3*o + 24, 5*o - 26 = -4*c. Calculate the greatest common divisor of g and c.
9
Let t = -42 + 77. What is the greatest common divisor of 385 and t?
35
Suppose 22*g = 19*g - 12. Let k be g/10*(2 - (-36)/(-8)). What is the highest common divisor of k and 8?
1
Let s = -149 - -175. Calculate the highest common divisor of s and 208.
26
Let c be 1*(-1 - 0) + 33. Let l(x) = 3*x + 10. Let q(d) = -2*d. Let u(h) = -2*l(h) - 6*q(h). Let y be u(6). Calculate the highest common divisor of c and y.
16
Suppose -89 - 1 = -10*o. What is the highest common divisor of o and 9?
9
Let j = -12 - 7. Let n = 6 - j. Suppose -4 = -x + 1. Calculate the highest common factor of x and n.
5
Suppose 2*b - 5*q = 663, b = -0*q - 5*q + 369. Suppose 5*y + 218 = 10*y + a, -4*y = -5*a - 157. What is the greatest common divisor of y and b?
43
Suppose -4*j = -10*j + 42. Suppose -i - j = 2*o, i - 2*o - 10 = -i. What is the highest common divisor of i and 5?
1
Let c(s) = 24*s - 3. Let f be c(2). Suppose -4*y - 78*q = -83*q - 1265, 627 = 2*y + 3*q. What is the greatest common factor of y and f?
45
Let r = 1406 + -1389. What is the greatest common factor of 85 and r?
17
Suppose 0 = -2*v + 5*i - 10 + 36, -5*v - 5*i = 5. What is the greatest common divisor of v and 6?
3
Suppose 3*m + 4*i - 101 = 0, -4*m + 2*i = -48 - 116. Calculate the highest common factor of m and 637.
13
Let h be (-50)/(-4)*424/20 - 6. What is the greatest common divisor of h and 21?
7
Suppose 0 = 3*n - 6, -189 - 173 = -5*u - n. Calculate the highest common divisor of u and 39.
3
Let q(f) = f**2 - 7*f - 3. Let x be q(7). Let i(k) be the second derivative of -11*k**3/3 + 5*k. Let s be i(x). Calculate the highest common factor of s and 44.
22
Suppose 346 = 2*q - q. Let h be (-12)/24 + q/4. Let c be (-8)/(-36) + h/18. Calculate the highest common divisor of c and 25.
5
Let x(o) = -o**3 + 4*o**2 - 3*o + 4. Let k be x(4). Let s(w) = -3*w - 10. Let q be s(k). Let f be -5 + 3 - -2*q. What is the highest common factor of 234 and f?
26
Suppose 2*y - 6*y - 64 = 5*j, -7 = j - 5*y. Let x be 247/2*j/(-6). Let s = x - 172. Calculate the highest common factor of 15 and s.
15
Suppose -4*h + 198 - 49 = -5*k, 0 = -h - 5*k + 31. What is the highest common factor of h and 9?
9
Let o be 532 + 2196/(-324) + (-4)/18. Calculate the highest common divisor of 150 and o.
75
Suppose 2*m - 4758 = -4*q, 0*q = -4*m + 4*q + 9492. What is the greatest common divisor of 125 and m?
125
Let l = -26 - -27. Let f be (14 - -2)*4/l. Calculate the greatest common factor of 16 and f.
16
Let a = 25 + -22. Suppose 57 = 3*c + w, 0 = -a*c + 4*w + 13 + 44. What is the greatest common factor of 95 and c?
19
Suppose -22 = 5*m + 2*o - 2, -3*m - 3 = 3*o. Suppose 0 = -7*n + 4*n - 33. Let g = m - n. Calculate the highest common divisor of 10 and g.
5
Let w be 2940/20*2/2. Calculate the highest common divisor of 21 and w.
21
Let i(a) = 22*a + 474. Let q be i(-18). What is the greatest common factor of q and 39?
39
Suppose 0 = 3*u - 4*p - 14, 3*u + 3*p - 5*p - 10 = 0. Let n(s) = 26*s - 186. Let q be n(8). Calculate the greatest common factor of u and q.
2
Let i be 2 - (-7 + -65)/9. Calculate the greatest common divisor of i and 10.
10
Let i = -44 - -75. Suppose 3*z = -n + 282, 285 = 4*z - 4*n - 75. Calculate the greatest common divisor of i and z.
31
Let r be 5*30/(-6)*-21. What is the highest common factor of r and 21?
21
Suppose -11*z + 3669 = -1435. What is the greatest common factor of 16 and z?
16
Suppose -z - 31 - 61 = -4*f, 2*z - 128 = -5*f. Suppose -19 = -3*w + 17. What is the highest common factor of f and w?
12
Let l(x) = 13*x + 112. Let s be l(-8). Calculate the greatest common factor of s and 12.
4
Let w = -4901 - -9689. What is the highest common divisor of w and 171?
171
Let s = 104 - 19. Suppose -113 - s = -m. Suppose -5*j = -342 - m. Calculate the highest common divisor of j and 12.
12
Suppose 0 = 4*q + 4*t - 27 - 9, -4 = 4*q - 4*t. Suppose v = -4*b - 5, -q*v + 3*b + 56 = -0*b. What is the greatest common factor of 187 and v?
11
Let u(y) = -12*y + 15. Let f be u(7). Let c = -41 - f. What is the highest common divisor of 308 and c?
28
Suppose j + 22 = 33. Let r = 43 + -21. Calculate the greatest common factor of j and r.
11
Let p(b) = 3*b**2 - 27*b + 74. Let m be p(10). What is the greatest common factor of m and 40?
8
Suppose 0 = -0*b + b, b = -4*c + 76. Suppose 2*h - 507 = -2*n - 85, 3*n = 6. Calculate the greatest common factor of h and c.
19
Let z(y) = -55*y - 6. Let n be z(2). Let h = -99 - n. What is the highest common divisor of 136 and h?
17
Let u be (-1 - 3)/2*1. Let g be (5/10)/(u/(-68)). Suppose g = y - 18. What is the greatest common factor of 14 and y?
7
Let v = -131 + 189. Let j = -39 + v. Calculate the highest common divisor of j and 114.
19
Let l(z) = -19*z - 91. Let w be l(-6). Calculate the highest common factor of w and 161.
23
Let y be 2/3 - 744/(-18). Let l = -59 + 152. Let d = l + 12. Calculate the greatest common factor of d and y.
21
Let d = 77 - 37. Let p = 77 - d. Suppose 3*n - 2*j - p = 0, 4*j - 55 = -5*n + 6*j. What is the greatest common divisor of 3 and n?
3
Let q be 5/((-5 + 6)*1/31). Calculate the greatest common divisor of q and 31.
31
Let m = 96 - -8. What is the highest common divisor of 182 and m?
26
Suppose -18*k + 13*k = -2*n + 65, -3*n + 3*k + 111 = 0. Calculate the highest common divisor of 40 and n.
40
Let y be 6 - -15 - 5 - 15/3. Calculate the greatest common factor of y and 176.
11
Let g = -222 + 257. Suppose -h = 3*j + 10, 5*h + 4 = -2*j + 19. What is the greatest common divisor of g and h?
5
Let u(j) = -j**3 - 10*j**2 + 2*j + 24. Let r be u(-10). Let w be ((-10)/r + -1 + 2)*-6. Calculate the highest common factor of w and 54.
9
Let k = -1225 + 1258. Let c(o) = 7*o**3 - o**2 + o + 1. Let x be c(2). Calculate the highest common divisor of x and k.
11
Let u = 103 + -96. What is the greatest common divisor of u and 504?
7
Let i be 153/((-258)/(-48) + -5). What is the greatest common factor of 24 and i?
24
Suppose 0 = 18*i - 842 - 22. What is the highest common factor of i and 376?
8
Let j be ((-5)/3)/((-2)/6). Suppose -2*f + j = -f. Suppose -9 = -d + f*q + 7, -5*d + q + 8 